{"id":46,"date":"2017-07-02T22:32:24","date_gmt":"2017-07-02T20:32:24","guid":{"rendered":"http:\/\/34ppp.de\/katharina\/?page_id=46"},"modified":"2017-10-05T03:44:01","modified_gmt":"2017-10-05T01:44:01","slug":"meine-platzierung","status":"publish","type":"page","link":"https:\/\/34ppp.de\/katharina\/meine-platzierung\/","title":{"rendered":"Meine Platzierung"},"content":{"rendered":"<p>Endlich habe ich 29 Tage vor Abflug meine Platzierung erhalten!!!<\/p>\n<p>Es geht nach Utica im Bundesstaat New York. Als erstes musste ich den Ort googeln:<\/p>\n<p><img loading=\"lazy\" decoding=\"async\" class=\"aligncenter wp-image-65 size-full\" src=\"http:\/\/34ppp.de\/katharina\/wp-content\/uploads\/sites\/14\/2017\/07\/Karte.png\" alt=\"\" width=\"2113\" height=\"1327\" srcset=\"https:\/\/34ppp.de\/katharina\/wp-content\/uploads\/sites\/14\/2017\/07\/Karte.png 2113w, https:\/\/34ppp.de\/katharina\/wp-content\/uploads\/sites\/14\/2017\/07\/Karte-300x188.png 300w, https:\/\/34ppp.de\/katharina\/wp-content\/uploads\/sites\/14\/2017\/07\/Karte-768x482.png 768w, https:\/\/34ppp.de\/katharina\/wp-content\/uploads\/sites\/14\/2017\/07\/Karte-1024x643.png 1024w\" sizes=\"auto, (max-width: 767px) 89vw, (max-width: 1000px) 54vw, (max-width: 1071px) 543px, 580px\" \/><\/p>\n<p>In der &#8222;N\u00e4he&#8220; liegen Boston (261,1 mi), die Niagaraf\u00e4lle (213 mi) \u00a0und New York (239,6 mi), also das sind Orte von denen ich schon mal etwas geh\u00f6rt hatte im Verh\u00e4ltnis zu den n\u00e4heren Ortschaften.<\/p>\n<p>In Utica werde ich auf das Mohawk Valley Community College gehen, die mich auch schon am gleichen Tag per Mail willkommen gehei\u00dfen haben.<\/p>\n<p>Dort werde ich, wie ich es mir gew\u00fcnscht habe, mein Jahr in einer Gastfamilie bei Tosha, Dayton und ihrem 5 j\u00e4hrigen Sohn Jack, 4 Katzen und einem Hund verbringen. Am selben Abend haben wir uns \u00fcber Skype etwas kennengelernt und uns sofort super verstanden. Jetzt steigt die Vorfreude um so mehr.<\/p>\n","protected":false},"excerpt":{"rendered":"<p>Endlich habe ich 29 Tage vor Abflug meine Platzierung erhalten!!! Es geht nach Utica im Bundesstaat New York. Als erstes musste ich den Ort googeln: In der &#8222;N\u00e4he&#8220; liegen Boston (261,1 mi), die Niagaraf\u00e4lle (213 mi) \u00a0und New York (239,6 mi), also das sind Orte von denen ich schon mal etwas geh\u00f6rt hatte im Verh\u00e4ltnis &hellip; <\/p>\n<p class=\"link-more\"><a href=\"https:\/\/34ppp.de\/katharina\/meine-platzierung\/\" class=\"more-link\"><span class=\"screen-reader-text\">\u201eMeine Platzierung\u201c<\/span> weiterlesen<\/a><\/p>\n","protected":false},"author":15,"featured_media":0,"parent":0,"menu_order":0,"comment_status":"closed","ping_status":"closed","template":"","meta":{"footnotes":""},"class_list":["post-46","page","type-page","status-publish","hentry"],"_links":{"self":[{"href":"https:\/\/34ppp.de\/katharina\/wp-json\/wp\/v2\/pages\/46","targetHints":{"allow":["GET"]}}],"collection":[{"href":"https:\/\/34ppp.de\/katharina\/wp-json\/wp\/v2\/pages"}],"about":[{"href":"https:\/\/34ppp.de\/katharina\/wp-json\/wp\/v2\/types\/page"}],"author":[{"embeddable":true,"href":"https:\/\/34ppp.de\/katharina\/wp-json\/wp\/v2\/users\/15"}],"replies":[{"embeddable":true,"href":"https:\/\/34ppp.de\/katharina\/wp-json\/wp\/v2\/comments?post=46"}],"version-history":[{"count":4,"href":"https:\/\/34ppp.de\/katharina\/wp-json\/wp\/v2\/pages\/46\/revisions"}],"predecessor-version":[{"id":261,"href":"https:\/\/34ppp.de\/katharina\/wp-json\/wp\/v2\/pages\/46\/revisions\/261"}],"wp:attachment":[{"href":"https:\/\/34ppp.de\/katharina\/wp-json\/wp\/v2\/media?parent=46"}],"curies":[{"name":"wp","href":"https:\/\/api.w.org\/{rel}","templated":true}]}}